and 66?
33
Calculate the highest common factor of 1075 and 86.
43
Calculate the greatest common divisor of 209 and 57.
19
Calculate the highest common divisor of 5 and 7465.
5
What is the greatest common divisor of 220 and 12?
4
Calculate the greatest common divisor of 3834 and 162.
54
What is the highest common divisor of 1145 and 687?
229
What is the highest common factor of 30 and 170?
10
What is the highest common divisor of 8552 and 8?
8
What is the greatest common divisor of 4 and 254?
2
What is the highest common factor of 115 and 15?
5
What is the highest common divisor of 9380 and 20?
20
Calculate the greatest common factor of 24 and 37704.
24
What is the highest common divisor of 35 and 7?
7
What is the highest common factor of 361 and 38?
19
Calculate the greatest common factor of 682 and 434.
62
Calculate the greatest common factor of 39 and 1131.
39
Calculate the highest common factor of 69 and 2231.
23
Calculate the greatest common divisor of 162 and 558.
18
Calculate the greatest common factor of 130 and 20.
10
Calculate the greatest common divisor of 1536 and 24.
24
Calculate the highest common factor of 170 and 10.
10
What is the greatest common divisor of 9248 and 238?
34
Calculate the greatest common divisor of 93 and 3937.
31
What is the highest common factor of 6 and 4281?
3
What is the highest common divisor of 90 and 15?
15
Calculate the highest common divisor of 1255 and 15.
5
Calculate the greatest common divisor of 4292 and 232.
116
What is the greatest common divisor of 100 and 1900?
100
What is the greatest common factor of 180 and 72?
36
Calculate the greatest common factor of 26315 and 19.
19
Calculate the highest common divisor of 38 and 2166.
38
What is the greatest common divisor of 314 and 2512?
314
What is the greatest common divisor of 190 and 152?
38
What is the highest common divisor of 3885 and 840?
105
What is the highest common factor of 82742 and 22?
22
Calculate the highest common factor of 100 and 2140.
20
Calculate the greatest common factor of 294 and 931.
49
What is the greatest common divisor of 18 and 729?
9
Calculate the greatest common factor of 160 and 5.
5
What is the greatest common factor of 150 and 350?
50
Calculate the greatest common factor of 175 and 35.
35
Calculate the greatest common divisor of 70 and 805.
35
What is the highest common divisor of 65 and 35?
5
What is the greatest common divisor of 743 and 3?
1
What is the greatest common factor of 15 and 435?
15
Calculate the highest common divisor of 51 and 68.
17
Calculate the highest common divisor of 4929 and 744.
93
What is the greatest common divisor of 2556 and 372?
12
What is the greatest common divisor of 1781 and 685?
137
Calculate the greatest common factor of 17 and 153.
17
What is the highest common divisor of 72 and 456?
24
Calculate the highest common factor of 13 and 286.
13
What is the greatest common factor of 39 and 11453?
13
Calculate the highest common divisor of 1665 and 6327.
333
What is the greatest common factor of 216 and 54?
54
Calculate the highest common factor of 333 and 74.
37
What is the greatest common factor of 198 and 418?
22
Calculate the greatest common divisor of 1575 and 99.
9
Calculate the highest common factor of 54 and 4.
2
What is the greatest common factor of 24070 and 145?
145
What is the greatest common factor of 13 and 13?
13
What is the highest common divisor of 35738 and 334?
334
Calculate the greatest common factor of 178 and 6497.
89
What is the greatest common factor of 2 and 13814?
2
What is the greatest common divisor of 1404 and 324?
108
Calculate the greatest common factor of 94 and 7849.
47
Calculate the highest common factor of 742 and 14.
14
Calculate the highest common factor of 186 and 1054.
62
What is the highest common factor of 10 and 86?
2
What is the highest common factor of 4 and 2874?
2
What is the greatest common divisor of 37 and 37?
37
Calculate the highest common factor of 5 and 7.
1
Calculate the highest common factor of 893 and 423.
47
What is the highest common divisor of 184 and 16?
8
What is the greatest common divisor of 17352 and 504?
72
What is the highest common divisor of 205 and 225?
5
What is the greatest common factor of 20 and 820?
20
What is the highest common divisor of 119 and 35?
7
Calculate the greatest common factor of 14765 and 10.
5
What is the highest common factor of 4558 and 212?
106
What is the highest common factor of 178 and 2?
2
What is the greatest common factor of 60 and 140?
20
Calculate the highest common divisor of 461 and 4.
1
Calculate the highest common divisor of 10 and 1330.
10
What is the greatest common divisor of 3 and 196?
1
Calculate the highest common divisor of 160 and 88.
8
Calculate the greatest common factor of 1456 and 273.
91
Calculate the highest common factor of 13 and 3991.
13
What is the highest common divisor of 7452 and 864?
108
Calculate the highest common divisor of 4212 and 36.
36
Calculate the greatest common factor of 8528 and 832.
208
Calculate the highest common divisor of 784 and 105.
7
What is the greatest common divisor of 95359 and 11?
11
Calculate the highest common factor of 4047 and 38.
19
Calculate the greatest common divisor of 41790 and 420.
210
Calculate the greatest common divisor of 7 and 15.
1
Calculate the highest common divisor of 8 and 389.
1
What is the greatest common factor of 1 and 1117?
1
Calculate the highest common factor of 36 and 148.
4
What is the highest common divisor of 11752 and 104?
104
Calculate the highest common factor of 176 and 22.
22
Calculate the greatest common divisor of 36679 and 86.
43
Calculate the highest common factor of 1500 and 12.
12
What is the greatest common divisor of 644 and 448?
28
What is the greatest common divisor of 1691 and 1007?
19
What is the highest common factor of 741 and 26?
13
Calculate the greatest common divisor of 13182 and 312.
78
Calculate the highest common divisor of 4 and 6988.
4
Calculate the greatest common factor of 3219 and 58.
29
Calculate the highest common divisor of 1806 and 21.
21
Calculate the highest common divisor of 18258 and 716.
358
Calculate the highest common divisor of 4170 and 330.
30
What is the highest common factor of 80 and 1720?
40
What is the greatest common divisor of 5 and 4?
1
Calculate the greatest common factor of 180 and 20.
20
What is the highest common factor of 24 and 40?
8
What is the highest common divisor of 1819 and 34?
17
Calculate the greatest common factor of 90 and 12510.
90
Calculate the greatest common factor of 234 and 54.
18
What is the highest common divisor of 986 and 102?
34
Calculate the greatest common divisor of 351 and 2496.
39
Calculate the greatest common factor of 564 and 470.
94
Calculate the greatest common factor of 144 and 64.
16
What is the greatest common divisor of 14 and 4?
2
Calculate the greatest common factor of 320 and 1040.
80
Calculate the greatest common divisor of 5632 and 132.
44
Calculate the greatest common factor of 351 and 13.
13
Calculate the highest common divisor of 21 and 609.
21
What is the greatest common factor of 1170 and 450?
90
What is the greatest common divisor of 45 and 6585?
15
Calculate the highest common factor of 130 and 338.
26
Calculate the greatest common factor of 549 and 4209.
183
What is the greatest common factor of 74 and 12358?
74
What is the highest common divisor of 648 and 3726?
162
Calculate the greatest common divisor of 1133 and 22.
11
What is the highest common factor of 2254 and 7406?
322
Calculate the highest common divisor of 2 and 137.
1
What is the highest common factor of 10 and 1345?
5
What is the highest common divisor of 7105 and 580?
145
Calculate the highest common divisor of 68 and 374.
34
Calculate the greatest common factor of 234 and 306.
18
What is the greatest common factor of 87 and 203?
29
Calculate the greatest common factor of 260 and 27300.
260
Calculate the highest common divisor of 1416 and 18.
6
What is the greatest common divisor of 728 and 2828?
28
What is the highest common divisor of 9 and 27?
9
What is the greatest common factor of 24 and 648?
24
Calculate the greatest common factor of 51 and 9.
3
What is the greatest common factor of 18 and 306?
18
Calculate the highest common divis